{"id":197,"date":"2019-10-26T10:00:47","date_gmt":"2019-10-26T13:00:47","guid":{"rendered":"http:\/\/grupoies.cnt.br\/?page_id=197"},"modified":"2021-12-27T14:06:46","modified_gmt":"2021-12-27T17:06:46","slug":"grupo-ies-contabilidade","status":"publish","type":"page","link":"https:\/\/grupoies.cnt.br\/index.php\/grupo-ies-contabilidade\/","title":{"rendered":"Grupo IES &#8211; Contabilidade"},"content":{"rendered":"\t\t<div data-elementor-type=\"wp-page\" data-elementor-id=\"197\" class=\"elementor elementor-197\">\n\t\t\t\t\t\t<section class=\"elementor-section elementor-top-section elementor-element elementor-element-36b1b099 elementor-section-stretched elementor-section-height-min-height elementor-section-boxed elementor-section-height-default elementor-section-items-middle\" data-id=\"36b1b099\" data-element_type=\"section\" data-settings=\"{&quot;stretch_section&quot;:&quot;section-stretched&quot;,&quot;background_background&quot;:&quot;classic&quot;}\">\n\t\t\t\t\t\t\t<div class=\"elementor-background-overlay\"><\/div>\n\t\t\t\t\t\t\t<div class=\"elementor-container elementor-column-gap-default\">\n\t\t\t\t\t<div class=\"elementor-column elementor-col-100 elementor-top-column elementor-element elementor-element-387cb4c4\" data-id=\"387cb4c4\" data-element_type=\"column\">\n\t\t\t<div class=\"elementor-widget-wrap elementor-element-populated\">\n\t\t\t\t\t\t<div class=\"elementor-element elementor-element-34b415a9 elementor-widget elementor-widget-heading\" data-id=\"34b415a9\" data-element_type=\"widget\" data-widget_type=\"heading.default\">\n\t\t\t\t<div class=\"elementor-widget-container\">\n\t\t\t<h2 class=\"elementor-heading-title elementor-size-default\">grupo ies<\/h2>\t\t<\/div>\n\t\t\t\t<\/div>\n\t\t\t\t<div class=\"elementor-element elementor-element-10345016 elementor-widget elementor-widget-heading\" data-id=\"10345016\" data-element_type=\"widget\" data-widget_type=\"heading.default\">\n\t\t\t\t<div class=\"elementor-widget-container\">\n\t\t\t<h3 class=\"elementor-heading-title elementor-size-default\">contabilidade<\/h3>\t\t<\/div>\n\t\t\t\t<\/div>\n\t\t\t\t<div class=\"elementor-element elementor-element-61ff5bb3 elementor-widget-divider--view-line elementor-widget elementor-widget-divider\" data-id=\"61ff5bb3\" data-element_type=\"widget\" data-widget_type=\"divider.default\">\n\t\t\t\t<div class=\"elementor-widget-container\">\n\t\t\t\t\t<div class=\"elementor-divider\">\n\t\t\t<span class=\"elementor-divider-separator\">\n\t\t\t\t\t\t<\/span>\n\t\t<\/div>\n\t\t\t\t<\/div>\n\t\t\t\t<\/div>\n\t\t\t\t\t<\/div>\n\t\t<\/div>\n\t\t\t\t\t<\/div>\n\t\t<\/section>\n\t\t\t\t<section class=\"elementor-section elementor-top-section elementor-element elementor-element-26bcd9c2 elementor-section-stretched elementor-section-boxed elementor-section-height-default elementor-section-height-default\" data-id=\"26bcd9c2\" data-element_type=\"section\" data-settings=\"{&quot;stretch_section&quot;:&quot;section-stretched&quot;}\">\n\t\t\t\t\t\t<div class=\"elementor-container elementor-column-gap-default\">\n\t\t\t\t\t<div class=\"elementor-column elementor-col-100 elementor-top-column elementor-element elementor-element-518074ec\" data-id=\"518074ec\" data-element_type=\"column\">\n\t\t\t<div class=\"elementor-widget-wrap elementor-element-populated\">\n\t\t\t\t\t\t<div class=\"elementor-element elementor-element-4a75b617 elementor-widget elementor-widget-text-editor\" data-id=\"4a75b617\" data-element_type=\"widget\" data-widget_type=\"text-editor.default\">\n\t\t\t\t<div class=\"elementor-widget-container\">\n\t\t\t\t\t\t\t<p>Ao longo do nosso caminho constru\u00edmos ferramentas para contribuir e organizar o processo cont\u00e1bil e fiscal de sua empresa, realizando servi\u00e7o a dist\u00e2ncia ou diretamente junto a ela.<\/p><p>Algumas das nossas \u00e1reas de atua\u00e7\u00e3o:<\/p><p><strong>Cont\u00e1bil<br \/><\/strong>Confer\u00eancia eletr\u00f4nica dos arquivos da ECD e cruzamentos fiscais ECF<br \/>Preparo da contabilidade societ\u00e1ria, integrada ao sistema de gest\u00e3o.<\/p><p><strong>Consultoria<br \/><\/strong>Atos societ\u00e1rios, cont\u00e1bil e Fiscal, Pessoas f\u00edsicas.<\/p><p><strong>Folha de Pagamento<\/strong><br \/>An\u00e1lise cr\u00edtica das informa\u00e7\u00f5es do e-Social.<\/p><p><strong>Fiscal<br \/><\/strong>Verifica\u00e7\u00e3o das rotinas e obriga\u00e7\u00f5es \u00a0fiscais.<\/p><p><strong>RH<br \/><\/strong>Procedimentos de gest\u00e3o do setor, e-social.<\/p><p><strong>Tribut\u00e1rio<br \/><\/strong>Preparo das Obriga\u00e7\u00f5es Fiscais princ\u00edpios e acess\u00f3rios digitais<br \/>Imposto de renda Pessoas F\u00edsicas<\/p>\t\t\t\t\t\t<\/div>\n\t\t\t\t<\/div>\n\t\t\t\t\t<\/div>\n\t\t<\/div>\n\t\t\t\t\t<\/div>\n\t\t<\/section>\n\t\t\t\t<section class=\"elementor-section elementor-top-section elementor-element elementor-element-2d8b5ab4 elementor-section-stretched elementor-section-boxed elementor-section-height-default elementor-section-height-default\" data-id=\"2d8b5ab4\" data-element_type=\"section\" data-settings=\"{&quot;stretch_section&quot;:&quot;section-stretched&quot;,&quot;background_background&quot;:&quot;classic&quot;}\">\n\t\t\t\t\t\t<div class=\"elementor-container elementor-column-gap-default\">\n\t\t\t\t\t<div class=\"elementor-column elementor-col-100 elementor-top-column elementor-element elementor-element-34ceac3\" data-id=\"34ceac3\" data-element_type=\"column\">\n\t\t\t<div class=\"elementor-widget-wrap elementor-element-populated\">\n\t\t\t\t\t\t<div class=\"elementor-element elementor-element-529ca8db elementor-widget elementor-widget-spacer\" data-id=\"529ca8db\" data-element_type=\"widget\" data-widget_type=\"spacer.default\">\n\t\t\t\t<div class=\"elementor-widget-container\">\n\t\t\t\t\t<div class=\"elementor-spacer\">\n\t\t\t<div class=\"elementor-spacer-inner\"><\/div>\n\t\t<\/div>\n\t\t\t\t<\/div>\n\t\t\t\t<\/div>\n\t\t\t\t<div class=\"elementor-element elementor-element-4bd1a327 elementor-shape-rounded elementor-grid-0 e-grid-align-center elementor-widget elementor-widget-social-icons\" data-id=\"4bd1a327\" data-element_type=\"widget\" data-widget_type=\"social-icons.default\">\n\t\t\t\t<div class=\"elementor-widget-container\">\n\t\t\t\t\t<div class=\"elementor-social-icons-wrapper elementor-grid\">\n\t\t\t\t\t\t\t<span class=\"elementor-grid-item\">\n\t\t\t\t\t<a class=\"elementor-icon elementor-social-icon elementor-social-icon-facebook elementor-repeater-item-0decc0e\" target=\"_blank\">\n\t\t\t\t\t\t<span class=\"elementor-screen-only\">Facebook<\/span>\n\t\t\t\t\t\t<i class=\"fab fa-facebook\"><\/i>\t\t\t\t\t<\/a>\n\t\t\t\t<\/span>\n\t\t\t\t\t\t\t<span class=\"elementor-grid-item\">\n\t\t\t\t\t<a class=\"elementor-icon elementor-social-icon elementor-social-icon-instagram elementor-repeater-item-cf95871\" target=\"_blank\">\n\t\t\t\t\t\t<span class=\"elementor-screen-only\">Instagram<\/span>\n\t\t\t\t\t\t<i class=\"fab fa-instagram\"><\/i>\t\t\t\t\t<\/a>\n\t\t\t\t<\/span>\n\t\t\t\t\t\t\t<span class=\"elementor-grid-item\">\n\t\t\t\t\t<a class=\"elementor-icon elementor-social-icon elementor-social-icon-linkedin elementor-repeater-item-2a553f3\" target=\"_blank\">\n\t\t\t\t\t\t<span class=\"elementor-screen-only\">Linkedin<\/span>\n\t\t\t\t\t\t<i class=\"fab fa-linkedin\"><\/i>\t\t\t\t\t<\/a>\n\t\t\t\t<\/span>\n\t\t\t\t\t<\/div>\n\t\t\t\t<\/div>\n\t\t\t\t<\/div>\n\t\t\t\t<div class=\"elementor-element elementor-element-2c90a88f elementor-widget elementor-widget-text-editor\" data-id=\"2c90a88f\" data-element_type=\"widget\" data-widget_type=\"text-editor.default\">\n\t\t\t\t<div class=\"elementor-widget-container\">\n\t\t\t\t\t\t\t<p style=\"text-align: center;\"><span style=\"color: #ffffff;\"><a style=\"color: #ffffff;\" href=\"https:\/\/grupoies.cnt.br\/index.php\/creditos\/\">Cr\u00e9ditos<\/a> | <a style=\"color: #ffffff;\" href=\"\/politica-de-privacidade\">Pol\u00edtica de Privacidade<\/a> | <a style=\"color: #ffffff;\" href=\"\/termos-e-condicoes\">Termos e Condi\u00e7\u00f5es<\/a><\/span><\/p>\t\t\t\t\t\t<\/div>\n\t\t\t\t<\/div>\n\t\t\t\t<div class=\"elementor-element elementor-element-529ea660 elementor-widget elementor-widget-text-editor\" data-id=\"529ea660\" data-element_type=\"widget\" data-widget_type=\"text-editor.default\">\n\t\t\t\t<div class=\"elementor-widget-container\">\n\t\t\t\t\t\t\t<p style=\"text-align: center;\"><span style=\"color: #ffffff;\">\u00a9Grupo IES &#8211; 2019<\/span><\/p>\t\t\t\t\t\t<\/div>\n\t\t\t\t<\/div>\n\t\t\t\t<div class=\"elementor-element elementor-element-513ba5c1 elementor-widget elementor-widget-spacer\" data-id=\"513ba5c1\" data-element_type=\"widget\" data-widget_type=\"spacer.default\">\n\t\t\t\t<div class=\"elementor-widget-container\">\n\t\t\t\t\t<div class=\"elementor-spacer\">\n\t\t\t<div class=\"elementor-spacer-inner\"><\/div>\n\t\t<\/div>\n\t\t\t\t<\/div>\n\t\t\t\t<\/div>\n\t\t\t\t\t<\/div>\n\t\t<\/div>\n\t\t\t\t\t<\/div>\n\t\t<\/section>\n\t\t\t\t<\/div>\n\t\t","protected":false},"excerpt":{"rendered":"<p>grupo ies contabilidade Ao longo do nosso caminho constru\u00edmos ferramentas para contribuir e organizar o processo cont\u00e1bil e fiscal de sua empresa, realizando servi\u00e7o a dist\u00e2ncia ou diretamente junto a ela. Algumas das nossas \u00e1reas de atua\u00e7\u00e3o: Cont\u00e1bilConfer\u00eancia eletr\u00f4nica dos arquivos da ECD e cruzamentos fiscais ECFPreparo da contabilidade societ\u00e1ria, integrada ao sistema de gest\u00e3o. [&hellip;]<\/p>\n","protected":false},"author":1,"featured_media":0,"parent":0,"menu_order":0,"comment_status":"closed","ping_status":"closed","template":"","meta":{"ocean_post_layout":"","ocean_both_sidebars_style":"","ocean_both_sidebars_content_width":0,"ocean_both_sidebars_sidebars_width":0,"ocean_sidebar":"0","ocean_second_sidebar":"0","ocean_disable_margins":"enable","ocean_add_body_class":"","ocean_shortcode_before_top_bar":"","ocean_shortcode_after_top_bar":"","ocean_shortcode_before_header":"","ocean_shortcode_after_header":"","ocean_has_shortcode":"","ocean_shortcode_after_title":"","ocean_shortcode_before_footer_widgets":"","ocean_shortcode_after_footer_widgets":"","ocean_shortcode_before_footer_bottom":"","ocean_shortcode_after_footer_bottom":"","ocean_display_top_bar":"default","ocean_display_header":"default","ocean_header_style":"","ocean_center_header_left_menu":"0","ocean_custom_header_template":"0","ocean_custom_logo":0,"ocean_custom_retina_logo":0,"ocean_custom_logo_max_width":0,"ocean_custom_logo_tablet_max_width":0,"ocean_custom_logo_mobile_max_width":0,"ocean_custom_logo_max_height":0,"ocean_custom_logo_tablet_max_height":0,"ocean_custom_logo_mobile_max_height":0,"ocean_header_custom_menu":"0","ocean_menu_typo_font_family":"0","ocean_menu_typo_font_subset":"","ocean_menu_typo_font_size":0,"ocean_menu_typo_font_size_tablet":0,"ocean_menu_typo_font_size_mobile":0,"ocean_menu_typo_font_size_unit":"px","ocean_menu_typo_font_weight":"","ocean_menu_typo_font_weight_tablet":"","ocean_menu_typo_font_weight_mobile":"","ocean_menu_typo_transform":"","ocean_menu_typo_transform_tablet":"","ocean_menu_typo_transform_mobile":"","ocean_menu_typo_line_height":0,"ocean_menu_typo_line_height_tablet":0,"ocean_menu_typo_line_height_mobile":0,"ocean_menu_typo_line_height_unit":"","ocean_menu_typo_spacing":0,"ocean_menu_typo_spacing_tablet":0,"ocean_menu_typo_spacing_mobile":0,"ocean_menu_typo_spacing_unit":"","ocean_menu_link_color":"","ocean_menu_link_color_hover":"","ocean_menu_link_color_active":"","ocean_menu_link_background":"","ocean_menu_link_hover_background":"","ocean_menu_link_active_background":"","ocean_menu_social_links_bg":"","ocean_menu_social_hover_links_bg":"","ocean_menu_social_links_color":"","ocean_menu_social_hover_links_color":"","ocean_disable_title":"on","ocean_disable_heading":"default","ocean_post_title":"","ocean_post_subheading":"","ocean_post_title_style":"","ocean_post_title_background_color":"","ocean_post_title_background":0,"ocean_post_title_bg_image_position":"","ocean_post_title_bg_image_attachment":"","ocean_post_title_bg_image_repeat":"","ocean_post_title_bg_image_size":"","ocean_post_title_height":0,"ocean_post_title_bg_overlay":0.5,"ocean_post_title_bg_overlay_color":"","ocean_disable_breadcrumbs":"default","ocean_breadcrumbs_color":"","ocean_breadcrumbs_separator_color":"","ocean_breadcrumbs_links_color":"","ocean_breadcrumbs_links_hover_color":"","ocean_display_footer_widgets":"default","ocean_display_footer_bottom":"default","ocean_custom_footer_template":"0"},"yoast_head":"<!-- This site is optimized with the Yoast SEO plugin v21.8.1 - https:\/\/yoast.com\/wordpress\/plugins\/seo\/ -->\n<title>Grupo IES - Contabilidade - Grupo IES<\/title>\n<meta name=\"robots\" content=\"index, follow, max-snippet:-1, max-image-preview:large, max-video-preview:-1\" \/>\n<link rel=\"canonical\" href=\"https:\/\/grupoies.cnt.br\/index.php\/grupo-ies-contabilidade\/\" \/>\n<meta property=\"og:locale\" content=\"pt_BR\" \/>\n<meta property=\"og:type\" content=\"article\" \/>\n<meta property=\"og:title\" content=\"Grupo IES - Contabilidade - Grupo IES\" \/>\n<meta property=\"og:description\" content=\"grupo ies contabilidade Ao longo do nosso caminho constru\u00edmos ferramentas para contribuir e organizar o processo cont\u00e1bil e fiscal de sua empresa, realizando servi\u00e7o a dist\u00e2ncia ou diretamente junto a ela. Algumas das nossas \u00e1reas de atua\u00e7\u00e3o: Cont\u00e1bilConfer\u00eancia eletr\u00f4nica dos arquivos da ECD e cruzamentos fiscais ECFPreparo da contabilidade societ\u00e1ria, integrada ao sistema de gest\u00e3o. [&hellip;]\" \/>\n<meta property=\"og:url\" content=\"https:\/\/grupoies.cnt.br\/index.php\/grupo-ies-contabilidade\/\" \/>\n<meta property=\"og:site_name\" content=\"Grupo IES\" \/>\n<meta property=\"article:publisher\" content=\"https:\/\/www.facebook.com\/grupoiescontabilidadeeconsultoria\" \/>\n<meta property=\"article:modified_time\" content=\"2021-12-27T17:06:46+00:00\" \/>\n<meta name=\"twitter:card\" content=\"summary_large_image\" \/>\n<meta name=\"twitter:label1\" content=\"Est. tempo de leitura\" \/>\n\t<meta name=\"twitter:data1\" content=\"1 minuto\" \/>\n<script type=\"application\/ld+json\" class=\"yoast-schema-graph\">{\"@context\":\"https:\/\/schema.org\",\"@graph\":[{\"@type\":\"WebPage\",\"@id\":\"https:\/\/grupoies.cnt.br\/index.php\/grupo-ies-contabilidade\/\",\"url\":\"https:\/\/grupoies.cnt.br\/index.php\/grupo-ies-contabilidade\/\",\"name\":\"Grupo IES - Contabilidade - Grupo IES\",\"isPartOf\":{\"@id\":\"https:\/\/grupoies.cnt.br\/#website\"},\"datePublished\":\"2019-10-26T13:00:47+00:00\",\"dateModified\":\"2021-12-27T17:06:46+00:00\",\"breadcrumb\":{\"@id\":\"https:\/\/grupoies.cnt.br\/index.php\/grupo-ies-contabilidade\/#breadcrumb\"},\"inLanguage\":\"pt-BR\",\"potentialAction\":[{\"@type\":\"ReadAction\",\"target\":[\"https:\/\/grupoies.cnt.br\/index.php\/grupo-ies-contabilidade\/\"]}]},{\"@type\":\"BreadcrumbList\",\"@id\":\"https:\/\/grupoies.cnt.br\/index.php\/grupo-ies-contabilidade\/#breadcrumb\",\"itemListElement\":[{\"@type\":\"ListItem\",\"position\":1,\"name\":\"In\u00edcio\",\"item\":\"https:\/\/grupoies.cnt.br\/\"},{\"@type\":\"ListItem\",\"position\":2,\"name\":\"Grupo IES &#8211; Contabilidade\"}]},{\"@type\":\"WebSite\",\"@id\":\"https:\/\/grupoies.cnt.br\/#website\",\"url\":\"https:\/\/grupoies.cnt.br\/\",\"name\":\"Grupo IES\",\"description\":\"Contabilidade e Administra\u00e7\u00e3o\",\"publisher\":{\"@id\":\"https:\/\/grupoies.cnt.br\/#organization\"},\"potentialAction\":[{\"@type\":\"SearchAction\",\"target\":{\"@type\":\"EntryPoint\",\"urlTemplate\":\"https:\/\/grupoies.cnt.br\/?s={search_term_string}\"},\"query-input\":\"required name=search_term_string\"}],\"inLanguage\":\"pt-BR\"},{\"@type\":\"Organization\",\"@id\":\"https:\/\/grupoies.cnt.br\/#organization\",\"name\":\"Grupo IES\",\"url\":\"https:\/\/grupoies.cnt.br\/\",\"logo\":{\"@type\":\"ImageObject\",\"inLanguage\":\"pt-BR\",\"@id\":\"https:\/\/grupoies.cnt.br\/#\/schema\/logo\/image\/\",\"url\":\"https:\/\/grupoies.cnt.br\/wp-content\/uploads\/2019\/10\/icone.png\",\"contentUrl\":\"https:\/\/grupoies.cnt.br\/wp-content\/uploads\/2019\/10\/icone.png\",\"width\":1100,\"height\":1100,\"caption\":\"Grupo IES\"},\"image\":{\"@id\":\"https:\/\/grupoies.cnt.br\/#\/schema\/logo\/image\/\"},\"sameAs\":[\"https:\/\/www.facebook.com\/grupoiescontabilidadeeconsultoria\",\"https:\/\/www.instagram.com\/grupoiescontabilidade\/\",\"https:\/\/www.linkedin.com\/company\/grupoiescontabilidade\"]}]}<\/script>\n<!-- \/ Yoast SEO plugin. -->","yoast_head_json":{"title":"Grupo IES - Contabilidade - Grupo IES","robots":{"index":"index","follow":"follow","max-snippet":"max-snippet:-1","max-image-preview":"max-image-preview:large","max-video-preview":"max-video-preview:-1"},"canonical":"https:\/\/grupoies.cnt.br\/index.php\/grupo-ies-contabilidade\/","og_locale":"pt_BR","og_type":"article","og_title":"Grupo IES - Contabilidade - Grupo IES","og_description":"grupo ies contabilidade Ao longo do nosso caminho constru\u00edmos ferramentas para contribuir e organizar o processo cont\u00e1bil e fiscal de sua empresa, realizando servi\u00e7o a dist\u00e2ncia ou diretamente junto a ela. Algumas das nossas \u00e1reas de atua\u00e7\u00e3o: Cont\u00e1bilConfer\u00eancia eletr\u00f4nica dos arquivos da ECD e cruzamentos fiscais ECFPreparo da contabilidade societ\u00e1ria, integrada ao sistema de gest\u00e3o. [&hellip;]","og_url":"https:\/\/grupoies.cnt.br\/index.php\/grupo-ies-contabilidade\/","og_site_name":"Grupo IES","article_publisher":"https:\/\/www.facebook.com\/grupoiescontabilidadeeconsultoria","article_modified_time":"2021-12-27T17:06:46+00:00","twitter_card":"summary_large_image","twitter_misc":{"Est. tempo de leitura":"1 minuto"},"schema":{"@context":"https:\/\/schema.org","@graph":[{"@type":"WebPage","@id":"https:\/\/grupoies.cnt.br\/index.php\/grupo-ies-contabilidade\/","url":"https:\/\/grupoies.cnt.br\/index.php\/grupo-ies-contabilidade\/","name":"Grupo IES - Contabilidade - Grupo IES","isPartOf":{"@id":"https:\/\/grupoies.cnt.br\/#website"},"datePublished":"2019-10-26T13:00:47+00:00","dateModified":"2021-12-27T17:06:46+00:00","breadcrumb":{"@id":"https:\/\/grupoies.cnt.br\/index.php\/grupo-ies-contabilidade\/#breadcrumb"},"inLanguage":"pt-BR","potentialAction":[{"@type":"ReadAction","target":["https:\/\/grupoies.cnt.br\/index.php\/grupo-ies-contabilidade\/"]}]},{"@type":"BreadcrumbList","@id":"https:\/\/grupoies.cnt.br\/index.php\/grupo-ies-contabilidade\/#breadcrumb","itemListElement":[{"@type":"ListItem","position":1,"name":"In\u00edcio","item":"https:\/\/grupoies.cnt.br\/"},{"@type":"ListItem","position":2,"name":"Grupo IES &#8211; Contabilidade"}]},{"@type":"WebSite","@id":"https:\/\/grupoies.cnt.br\/#website","url":"https:\/\/grupoies.cnt.br\/","name":"Grupo IES","description":"Contabilidade e Administra\u00e7\u00e3o","publisher":{"@id":"https:\/\/grupoies.cnt.br\/#organization"},"potentialAction":[{"@type":"SearchAction","target":{"@type":"EntryPoint","urlTemplate":"https:\/\/grupoies.cnt.br\/?s={search_term_string}"},"query-input":"required name=search_term_string"}],"inLanguage":"pt-BR"},{"@type":"Organization","@id":"https:\/\/grupoies.cnt.br\/#organization","name":"Grupo IES","url":"https:\/\/grupoies.cnt.br\/","logo":{"@type":"ImageObject","inLanguage":"pt-BR","@id":"https:\/\/grupoies.cnt.br\/#\/schema\/logo\/image\/","url":"https:\/\/grupoies.cnt.br\/wp-content\/uploads\/2019\/10\/icone.png","contentUrl":"https:\/\/grupoies.cnt.br\/wp-content\/uploads\/2019\/10\/icone.png","width":1100,"height":1100,"caption":"Grupo IES"},"image":{"@id":"https:\/\/grupoies.cnt.br\/#\/schema\/logo\/image\/"},"sameAs":["https:\/\/www.facebook.com\/grupoiescontabilidadeeconsultoria","https:\/\/www.instagram.com\/grupoiescontabilidade\/","https:\/\/www.linkedin.com\/company\/grupoiescontabilidade"]}]}},"_links":{"self":[{"href":"https:\/\/grupoies.cnt.br\/index.php\/wp-json\/wp\/v2\/pages\/197"}],"collection":[{"href":"https:\/\/grupoies.cnt.br\/index.php\/wp-json\/wp\/v2\/pages"}],"about":[{"href":"https:\/\/grupoies.cnt.br\/index.php\/wp-json\/wp\/v2\/types\/page"}],"author":[{"embeddable":true,"href":"https:\/\/grupoies.cnt.br\/index.php\/wp-json\/wp\/v2\/users\/1"}],"replies":[{"embeddable":true,"href":"https:\/\/grupoies.cnt.br\/index.php\/wp-json\/wp\/v2\/comments?post=197"}],"version-history":[{"count":7,"href":"https:\/\/grupoies.cnt.br\/index.php\/wp-json\/wp\/v2\/pages\/197\/revisions"}],"predecessor-version":[{"id":671,"href":"https:\/\/grupoies.cnt.br\/index.php\/wp-json\/wp\/v2\/pages\/197\/revisions\/671"}],"wp:attachment":[{"href":"https:\/\/grupoies.cnt.br\/index.php\/wp-json\/wp\/v2\/media?parent=197"}],"curies":[{"name":"wp","href":"https:\/\/api.w.org\/{rel}","templated":true}]}}